*c = -1 - 2. Let w be 2/((c + -2)*1). List the prime factors of 2 + 2 - (w - -2).
2
Let n(u) = -u**3 - 3*u**2 - u + 1. Let q be n(-3). Suppose -85 = -5*p + y, -16 + 84 = q*p + 4*y. List the prime factors of p.
17
Let h be 1/(-2) - 11/(-2). Let m(z) = -1 + 4*z + 0*z + h*z. List the prime factors of m(1).
2
Suppose -s - z + 8 = 0, -2*s - s + 2*z + 14 = 0. Let b(x) = -x**2 + 9*x - 6. What are the prime factors of b(s)?
2, 3
Suppose -3 = -4*o + 5. Suppose o*n - 42 = 4. List the prime factors of n.
23
Let n be (6/5)/((-4)/(-10)). Let h(r) = -r**3 + 6*r**2 - 4*r - 4. Let g be h(5). Let l = n - g. List the prime factors of l.
2
Let a(o) = -o**3 + 7*o**2 + o - 3. Let m be a(7). Suppose 40 = w + m*w. List the prime factors of w.
2
Suppose -6*k + 2*k + 140 = 0. Suppose -k = 3*j - 8*j. What are the prime factors of j?
7
Suppose j + 4*j = -150. Let o = 57 + j. List the prime factors of o.
3
Suppose 2*a + 3*k = 15, -4*k - 1 = -5. Suppose 0 = -3*g + 3*m + 39, 6 = -g - 4*m - a. What are the prime factors of g?
2
Suppose -5*t = 2*r - 73, 0*r + 2*r - 46 = 4*t. Let h = -13 + r. List the prime factors of h.
2
Let r = 0 + 89. List the prime factors of r.
89
Let w be 3*(4 - 1/1). Let v be 0 + -2 + w + -1. What are the prime factors of 11 - (2 + v/(-2))?
2, 3
Suppose 7 - 79 = -4*c. What are the prime factors of c?
2, 3
What are the prime factors of ((-3)/4)/((-5)/(-40)*-2)?
3
Let i(v) = v**2 + 8*v - 5. Suppose f - 3*f - 18 = 0. What are the prime factors of i(f)?
2
Let d = 348 + -229. List the prime factors of d.
7, 17
Suppose 3*b = 2 + 4. Let a(y) = 5*y - 1. What are the prime factors of a(b)?
3
Let m be 10/15*102/(-4). Let n = m + 29. What are the prime factors of n?
2, 3
What are the prime factors of -15*(1 + 144/(-15))?
3, 43
Suppose -8 - 12 = -5*v. Suppose -v*w + 9 = -w. List the prime factors of w.
3
Suppose 2*x + x = 0. Suppose 0 = 3*q - x*q - 84. What are the prime factors of q?
2, 7
Let u(r) = r + 11. Suppose -f - 23 = y - 4*y, -2*y - 2*f = -10. Suppose -4*s = -y*s. List the prime factors of u(s).
11
Let d = 15 + -19. What are the prime factors of ((-24)/d)/(6/27)?
3
Let c(g) = g - 4. Let w be c(3). List the prime factors of w*(3 - 3) - -8.
2
Let q = 351 + -129. List the prime factors of q.
2, 3, 37
Suppose 0 = 2*o + 4*n - 10, -n = 3*o - 6*n + 29. Let y(w) be the first derivative of -3*w**2 - w - 3. What are the prime factors of y(o)?
17
What are the prime factors of (-674)/(-3) + (-220)/(-30) + -8?
2, 7
Suppose i = -2*g + 5, -g + 0*i + 2 = i. Suppose g*j - 5 - 43 = 0. What are the prime factors of j?
2
Suppose 655 = 4*i + 3*d, -2*d + 278 + 546 = 5*i. What are the prime factors of i?
2, 83
Let d(j) = j**2 - 2*j - 2. Let o(k) = 0*k - 4*k + k**2 + 0*k + 0*k**2 + 1. Let i be o(3). What are the prime factors of d(i)?
2, 3
List the prime factors of 1*(-5)/((-5)/37).
37
Let b(w) = 0*w**2 + w**3 + w**2 - w**2 - 2*w**2 + 2. Let c be 1 + (0 - -1) + 1. What are the prime factors of b(c)?
11
Suppose -l = -5*i + 608, 0 = -3*i + 2*l - 12 + 374. Suppose -2*t + i = 34. What are the prime factors of t?
2, 11
What are the prime factors of ((-20)/(-16))/((-6)/(-1416))?
5, 59
Let p(m) = m**2 - 16*m - 2. What are the prime factors of p(17)?
3, 5
Let z = 8 + -11. List the prime factors of z/((-6)/14) + -1.
2, 3
Let r be -1*(2 + -4) + 0. Suppose r*c - 22 = -0*c. List the prime factors of c.
11
Suppose -4*s = -8*s + 300. What are the prime factors of s?
3, 5
Let k(a) be the first derivative of 9*a**4/4 + 2*a**3/3 - a + 1. What are the prime factors of k(1)?
2, 5
Let g = 7 + -7. Suppose g*y + 2*y + 8 = 0, -4*y = 2*q + 16. Suppose 2*p + 2*f = 24, q = 3*p + f - 20 - 6. What are the prime factors of p?
7
Suppose -3*n + i + 17 = 0, 0*i + 2*i + 19 = 3*n. Suppose 0 = 2*u - n*u + 48. What are the prime factors of u?
2
Let y be (0 + 7)*(-18)/(-7). Suppose -3*h - y = -6*h. List the prime factors of h.
2, 3
Let f be 1/2 + 30/4. Let m = f + -3. List the prime factors of m.
5
Suppose -451 = -5*f - 71. List the prime factors of f.
2, 19
Let z(p) = p + 8. Let x = 13 - 8. Suppose 2*g + 31 = -5*s + 5*g, 27 = -x*s + g. List the prime factors of z(s).
3
Let p = 86 + 25. List the prime factors of p.
3, 37
What are the prime factors of (-1040)/(-30)*6/4?
2, 13
Suppose -5*d + 10 = -10. Let v = d + -2. What are the prime factors of v?
2
Suppose 1 = -2*n + 9. Suppose -8 = -a + 4*v, 0 = v - n*v + 12. What are the prime factors of a?
2, 3
Suppose 2*d = 7*d - 15. Let b = -33 - -23. What are the prime factors of d/(6/4) - b?
2, 3
Let o be 6/(-9)*(-102)/4. Suppose -52 = -3*w + o. List the prime factors of w.
23
Let j(d) = d**3 - 7*d**2 + 4*d + 5. Let l be j(6). Let z = -6 - l. What are the prime factors of ((-15)/(-12))/(z/4)?
5
Let n be 4/20 - (-19)/5. Suppose v + n*v = 110. What are the prime factors of v?
2, 11
Let s be (6/4)/(4/8). Suppose -4*d + s = 7. List the prime factors of d/3 - (-132)/18.
7
Let s = 0 - -3. Suppose 0 = -3*w + 2*h - 0*h + 40, -s*w + 26 = 5*h. What are the prime factors of w?
2, 3
Suppose -4*b + 530 = -0*b + 3*c, 3*b = -5*c + 392. List the prime factors of b.
2, 67
Suppose 0 = -m - 5*p + 50, 0 = -5*m - 5*p + 77 + 133. What are the prime factors of m?
2, 5
Suppose 3*g - 384 = 2*a + 296, 4*g - 3*a - 905 = 0. What are the prime factors of g?
2, 5, 23
Suppose 0 = 4*m - m - 54. Suppose 0 = -5*j - h + m - 4, -10 = 5*j - 5*h. Suppose -2*d + 68 = j*d. What are the prime factors of d?
17
Suppose -4*o = -6*o + 12. Suppose -2*a - o = -30. List the prime factors of a.
2, 3
List the prime factors of 19/((45/10)/9).
2, 19
Let t(a) be the first derivative of a**3 + a**2 + 3*a - 3. Let k(v) = -2*v**2 + v - 1. Let m be k(1). What are the prime factors of t(m)?
11
Let g = 102 - 59. Suppose -2*i = o + 17, o + 2*o = -4*i - g. List the prime factors of (-2 - 15/(-9))*o.
3
Let m(g) = g**2 + 2. Let w be m(0). Let f be w/8 + 60/16. Suppose f*h - p = 4*p + 33, p = -3*h + 20. What are the prime factors of h?
7
Suppose 0*g - 6*g + 330 = 0. List the prime factors of g.
5, 11
Suppose 0*v - 9 = -3*v. Suppose 3*h = -5*i, v*h + 0*h + 15 = 0. Suppose 4*s = u + 3, -u - 14 = -5*u + i*s. What are the prime factors of u?
5
Suppose -3*c = -2*d + 9, 5*d + 4*c = 5*c + 42. What are the prime factors of d?
3
Suppose 359 = 4*h - 109. What are the prime factors of h?
3, 13
Let g(q) = 0 + 1 - 7*q**3 - 4*q**2 - 2*q + 8*q**3 - 3. What are the prime factors of g(5)?
13
Let v = 4 - -8. Suppose -4*m - 7 - v = -n, -16 = 4*m. Suppose 0*o = n*o - 12. List the prime factors of o.
2
Let z(h) = -4*h**2 + 26*h + 18. Let j(o) = -o**2 + 9*o + 6. Let n(m) = -7*j(m) + 2*z(m). List the prime factors of n(-9).
2, 3
Let d be -1*-19*(0 + 2). Let u be d/(-6) - (-1)/3. Let t = u - -8. List the prime factors of t.
2
Let y(j) = 2*j**3 + j**2 - 1. Let c be ((-8)/12)/(4/(-6)). What are the prime factors of y(c)?
2
Suppose -6 = -f - 4*m - 0*m, 2*f - 32 = 2*m. Suppose -3*q - 84 + 30 = -5*v, 0 = -2*v + 5*q + f. What are the prime factors of v?
2, 3
Let u = -164 + 306. List the prime factors of u.
2, 71
Suppose -2*i = -n - 18, 3*n - 5*i = -0*n - 58. Let l be 2 + (-16)/1 + 0. Let p = l - n. What are the prime factors of p?
2, 3
Let v(o) = o**3 + o**2 + 33. What are the prime factors of v(0)?
3, 11
Suppose 2*j = 5*r - 2*r + 43, 2*j - 41 = 5*r. Let x = -33 + j. List the prime factors of 40/6*(-15)/x.
2, 5
Let s = 1 - -5. Suppose 5*m + r = s*r + 50, -2*m + 26 = -5*r. List the prime factors of m.
2
Suppose -3 = -5*j + 2. Let p = -3 - j. List the prime factors of 4/((-8)/6)*p.
2, 3
Let a(l) be the second derivative of l**5/20 + l**4/2 + l**3/3 + l**2 + l. What are the prime factors of a(-4)?
2, 13
Let d = -7 + 10. Suppose 0 = -d*b + 3*o + 3, 5*o - 16 + 5 = b. Suppose b*a + j - 61 = 0, 3*j + 46 = 5*a - 9. List the prime factors of a.
2, 7
Suppose -5*a + 4 = w - 3, -w + 2*a + 7 = 0. Suppose -40 = -w*b + 3*b. What are the prime factors of b?
2, 5
Let n(u) = 2*u**2 - 6*u - 25. List the prime factors of n(9).
83
Suppose 9*u - 4*u = -55. Let d = -3 - u. What are the prime factors of d?
2
Suppose -4*s + 3*p + 160 = -2*p, -4*s = 3*p - 128. Suppose -4*v = v. Suppose 4*y + y - s = v. List the prime factors of y.
7
Let z(v) = v**2 + 4*v + 5. Let p be z(-5). Suppose -2*u + p = -0*u. Suppose 0 = u*t + 3*s - 21, -2*t - s = 2*t - 14. List the prime factors of t.
3
Let g(o